 of m and 336.
48
Suppose -2*z + z = 4*m + 13, 1 = -5*z - 4*m. Let l be 25 + (z + -2 - 3). Let c be 84/(-32) + 3 - 2021/(-8). What is the highest common factor of l and c?
23
Let q(g) = 254*g**3 - 6*g**2 + 6*g - 1. Let j(p) = -2*p - 27. Let k be j(-14). Let s be q(k). Calculate the highest common divisor of 11 and s.
11
Let g = -3658 + 3898. What is the greatest common factor of 464 and g?
16
Suppose -7*o + 9*o = -2*y - 124, 4*o = 2*y + 118. Let q be (-105)/(-126) - y/6. Calculate the highest common factor of 176 and q.
11
Suppose 23*m + 70 = 25*m. Suppose 52 = 5*d + 67. Let w be (-2)/((-12)/39) + d/(-6). What is the greatest common divisor of m and w?
7
Suppose -14*k - 6 = -16*k. Suppose -k*z + 28 = -29. Let p(t) = -t**3 + 9*t**2 - 3*t + 5. Let d be p(6). What is the highest common divisor of d and z?
19
Suppose 276 + 264 = 20*z. Let s be 3*(16/4 + -3). What is the highest common factor of s and z?
3
Suppose 2 = 9*t - 10*t. Let l be 1 + 2 + (-2)/t. Let i be (l - 1/((-2)/(-4))) + 4. What is the highest common factor of 30 and i?
6
Suppose -4*o + 847 = -11*o. Let f = 146 + o. Calculate the greatest common divisor of 175 and f.
25
Let a be 4/9*1062/472. Calculate the highest common divisor of a and 256.
1
Let g(t) = 7*t**2 + 11*t - 32. Let m be g(8). Suppose 156 = 22*v - m. Let y(b) = -34*b - 10. Let j be y(-10). Calculate the highest common factor of j and v.
30
Let j = -6943 + 6957. Calculate the highest common divisor of 1673 and j.
7
Let d = 2887 + -2847. Let g = 23 + -18. Calculate the greatest common divisor of g and d.
5
Let u = 6356 - 6331. What is the greatest common divisor of 275 and u?
25
Let p be 0 + -3*(0 - 6). Suppose -19*y + 56 = 2*d - 23*y, 2*d + y = 31. Calculate the greatest common divisor of p and d.
18
Let c(y) = 100*y - 991. Let u be c(12). Calculate the highest common divisor of u and 2.
1
Let w(c) = c**2 - 4*c + 2. Let y be (15/2)/((-24)/(-16)). Let x be w(y). Suppose a - 840 = -x*a. What is the highest common divisor of 42 and a?
21
Suppose 0 = 32*t + 1686 - 2644 - 6882. Calculate the highest common divisor of 1519 and t.
49
Let t(j) = 3*j. Let x(k) = 11*k - 47. Let w(a) = 3*t(a) - x(a). Let n be w(6). What is the greatest common divisor of 5 and n?
5
Let l be (9/(-36))/(4 + (-8)/((-2400)/(-1205))). What is the highest common factor of l and 25530?
15
Let l be (-45)/(-5)*1 - (-1 + 6). Calculate the highest common factor of l and 9.
1
Suppose -14*t - 390 = -19*t. Let f = t + 9. Let j = f + -52. What is the highest common divisor of 105 and j?
35
Let z(r) = r**3 - 3*r**2 - 4*r - 3. Let m be z(5). Suppose 71*l = 75*l + 5*s - 71, -596 = -24*l + 4*s. What is the highest common divisor of l and m?
3
Suppose -30 = -15*b + 5*b. Suppose -b*h = -2*w - 400, 5*h - 4*w - w - 670 = 0. Let s be 2*(2 - -1)*2. Calculate the highest common factor of s and h.
12
Suppose 9*j + 5*x = 12*j - 91, j - 4*x - 35 = 0. Calculate the highest common divisor of 864 and j.
27
Suppose -57*s + 24 = -51*s. Suppose 7*l = 8*l - 3, i = s*l - 6. Calculate the highest common divisor of 8 and i.
2
Let c(v) = 482*v - 9956. Let a be c(24). Calculate the greatest common factor of a and 676.
52
Let y(q) = -10*q + 136. Let w be y(-16). Let r = w + -256. Let b(s) = -s**3 + 9*s**2 - 8*s + 10. Let o be b(8). Calculate the highest common divisor of r and o.
10
Suppose -61 + 99 = 4*c - 3*f, 4*c - 2*f = 36. Let m = -3 - -3. Suppose 4*s + 4 = g - m*s, 3*s - 35 = -4*g. Calculate the highest common divisor of g and c.
8
Let u be (-6 - 22/(-4))/(22/(-19140)). Calculate the greatest common divisor of 696 and u.
87
Let o(d) = -d**2 + 4*d + 9. Let z be o(5). Let t be (z + -6 - -1)*-70. Suppose -21 = -2*u + 35. Calculate the greatest common factor of u and t.
14
Let h = -17 - -21. Let p be 528/h*2/3. Suppose 242 = -107*d + 118*d. Calculate the greatest common factor of p and d.
22
Suppose 778 = 5*y + 3*z, 0 = 2*y - z - 107 - 202. What is the greatest common factor of 713 and y?
31
Let i(q) = -89*q - 3505. Let b be i(-43). Calculate the greatest common divisor of b and 518.
14
Let g be 261/15 - 9/(-15). Let h = 2577 + -2571. Calculate the highest common factor of g and h.
6
Let g(a) = -963*a - 6830. Let l be g(-12). Calculate the highest common factor of 170 and l.
34
Let d be (-36)/(-27) + 123/9. Suppose -33 = -q + d. Calculate the greatest common factor of 24 and q.
24
Let t be -2*(-5 - -4) + 133*1. Let r = 360 - t. What is the greatest common divisor of 180 and r?
45
Let q be (-6)/(-15) + (-1915)/(-25). Suppose q*j - 160 = 73*j. Calculate the highest common factor of 224 and j.
8
Suppose 0 = -4*j - 4*c + 12, 16*j + 4*c = 20*j - 44. Let n = -12 - -15. What is the highest common divisor of j and n?
1
Suppose 100 = 3*c - 2*r - 0*r, 2*c - 2*r = 70. Let i(w) = -w**3 + 24*w**2 - 37*w - 134. Let b be i(22). Calculate the highest common divisor of c and b.
10
Suppose -4*w - 24*w - 399360 = -54*w. Calculate the greatest common factor of 30 and w.
30
Let w(a) = 9*a**2 + 275*a - 40. Let n be w(-31). What is the greatest common divisor of 6930 and n?
42
Suppose 10*l = -4580 + 12570. Calculate the greatest common factor of l and 51.
17
Let h = -2940 + 2977. Suppose -95*l = -90*l - 2035. Calculate the greatest common factor of h and l.
37
Suppose 5188*g + 4 - 16 = 5184*g. Calculate the greatest common divisor of g and 64.
1
Let w(q) = -q**2 + 13*q - 25. Let j be w(17). Let o = j - -120. Calculate the greatest common divisor of 81 and o.
27
Let w(x) = 5*x - 1. Let m be w(5). Suppose 11*q = 8*q + m. Let i be 2/(-1) - (8/2 + -46). Calculate the greatest common divisor of i and q.
8
Let f(m) = 79 - 38 + 31 - 6*m. Let i be f(-24). Suppose -31 - 41 = -3*k. What is the highest common divisor of k and i?
24
Suppose -224*k - 168*k + 96824 = 0. What is the highest common divisor of k and 171?
19
Suppose -d + t = 2*d + 17, 5*d - 2*t + 30 = 0. Let k be 2 - (1 - (d + 53)). Let o = k - 43. Calculate the highest common divisor of o and 49.
7
Let q(g) = 3*g**3 + 14*g**2 + 18*g + 43. Let m be q(-4). Calculate the highest common factor of 3135 and m.
3
Suppose 22*w - 377 = 17*w - 4*i, 0 = -w + 3*i + 83. What is the highest common factor of w and 2233?
77
Suppose 26*o - 14415 = 2537. Let r = -577 + o. Calculate the greatest common factor of r and 25.
25
Suppose -5*a + 21 - 1281 = -5*y, 4*y - 2*a - 1000 = 0. What is the greatest common factor of 2542 and y?
62
Let y be 4/16 + (-38)/(-8). Suppose -8*h + 9 = -7. Suppose -3*c = h*c - y*s - 325, 5*c = -4*s + 370. Calculate the greatest common divisor of c and 10.
10
Suppose 438 = 16*b + 150. What is the greatest common factor of b and 26?
2
Suppose 3*g + 2*l - 41 = 0, -20 = 5*g - 4*l - 81. What is the highest common divisor of g and 481?
13
Suppose 1547*z = 1545*z + 14, 2*z = -2*p + 92174. What is the greatest common divisor of 72 and p?
72
Suppose 0 = -35*h + 1276 + 5654. Suppose r + 4*l - 544 = 0, 570 = r + 2*l + 34. Calculate the highest common divisor of r and h.
66
Let l be (-36)/(-21) + (-4)/(-14). Let d = 872 + -857. Let x be -2*d*(8/3)/(-8). What is the greatest common divisor of l and x?
2
Suppose -26*f - 271 = -11*f - 451. What is the highest common divisor of f and 213?
3
Suppose -287*a = -1748 - 8584. Calculate the greatest common divisor of a and 5376.
12
Let g(k) = -k**2 + k + 1. Let f be g(0). Suppose 0 = -60*b + 126 + 106 + 8. What is the highest common factor of f and b?
1
Let u(x) = -91*x - 8. Let i be u(1). Let f = i + 113. Calculate the greatest common divisor of f and 154.
14
Let i = -56 - -58. Suppose -c = -i + 5. Let s be (-48)/(-5) + c + (-102)/(-30). What is the highest common factor of 80 and s?
10
Suppose 1255*l = 1249*l + 198. Calculate the greatest common divisor of 132 and l.
33
Let k be (-68171)/(-31) - 528/8184. What is the highest common factor of 3 and k?
3
Let f(n) = 846*n**2 - 368*n - 10. Let p be f(-3). Calculate the greatest common factor of p and 28.
28
Let x(y) = -25*y**3 - 2*y**2 - 69*y - 132. Let t be x(-2). What is the highest common divisor of 54 and t?
18
Let t = 288 + -155. Let d = 179 - t. Calculate the greatest common divisor of 506 and d.
46
Let l = 41 - 36. Let r(x) = 3*x**2 - 5*x + 22. Let z be r(l). Suppose -z = -2*i - i. Calculate the greatest common divisor of i and 60.
12
Suppose -94 = -0*k - 2*k. Suppose 